) = -n**2 + 10*n - 4. Let a be f(9). Let k be ((-32)/20)/((-1)/a). List the prime factors of 0 + -1 - (-7 - k).
2, 7
Suppose -29*m = -25*m - 64. List the prime factors of m.
2
Let k(s) = 17*s**2 + 7*s + 18. List the prime factors of k(-3).
2, 3, 5
Suppose z = -4*w - 10, -2*w = -z - z. Let t be (-1)/w - 12/(-8). Suppose -3*h = 0, -x + h + 2 = -t*h. What are the prime factors of x?
2
Let a be (1 - 0)*(-1 - -3). Let l = a - -20. What are the prime factors of l?
2, 11
Suppose 0*g = 2*g - 3*v - 7, 3*g - 4*v = 12. What are the prime factors of g?
2
Let p be (-1)/(-2) + 12/(-8). Let i(o) = -19*o. What are the prime factors of i(p)?
19
Let n(r) = r + 3. Let g be n(3). Let q = 8 - g. List the prime factors of 3*q/(-4)*-8.
2, 3
Suppose -9 = d - 40. List the prime factors of d.
31
Suppose -2*p + 7*p = 2*m + 103, 0 = -p + 3*m + 18. What are the prime factors of p?
3, 7
Suppose 5*k + 71 - 356 = 0. List the prime factors of k.
3, 19
Suppose -3*i - 5*h - 9 = 0, -5*i + 5 = 2*h + 1. Suppose 6 = i*d, -60 = -4*x - 0*x - 4*d. What are the prime factors of x?
2, 3
Let j(i) be the second derivative of 2*i**4/3 - i**3/3 + i**2/2 - 3*i. What are the prime factors of j(1)?
7
Suppose 3*d + 2*u = -0*u - 14, 4*d = -5*u - 28. Let q be d/(-6) + (-66)/9. List the prime factors of 1 - 1 - 0 - q.
7
Let g = 103 - 31. What are the prime factors of g?
2, 3
Suppose 8 = t - 1. Let w = t + 0. What are the prime factors of w?
3
Let i(g) = 5*g**3 - 2*g + 1. Let t be i(1). Suppose 0 = -t*y - 2*w + 30, -4*w = 1 - 5. Let r = y - 2. List the prime factors of r.
5
Suppose -4*h = i - 36, 5*h + 3*i = 5*i + 58. Let q = -9 - -17. Suppose 3*k - h - q = 3*d, -4*k = 3*d - 3. List the prime factors of k.
3
Let w be 10/3*2*3. Let c = 44 - w. List the prime factors of c.
2, 3
Suppose 0 = h - 4*j - 15, -2*h - 3*j = -3*h + 13. Suppose 2*g + 40 = h*g. What are the prime factors of g?
2
What are the prime factors of (-8 + -1 + -1)*-2?
2, 5
Let s = -3 - -6. Suppose 9 = s*y - 9. Suppose -y + 18 = 2*p. List the prime factors of p.
2, 3
Let g(v) = 18*v**3 - 4*v**2 + v - 3. List the prime factors of g(3).
2, 3, 5
Suppose 3*z = -z - 5*s + 16, 2*z - 8 = 5*s. List the prime factors of z.
2
List the prime factors of 2*(-3)/(24/(-212)).
53
Let u = 41 - -84. What are the prime factors of u?
5
Let p = 1 + 1. Suppose -p*d + 4*c = 12, 0*d - 4*c + 6 = -5*d. List the prime factors of d.
2
Let l = -128 - -187. What are the prime factors of l?
59
Suppose 3 - 2 = -n. Let w = 15 + -7. List the prime factors of -1 + w - n/1.
2
Let r(h) be the first derivative of -h**2 - 7*h + 1. Let v be r(-6). Suppose 4*l - y - 32 = -v*y, 3*l - 2*y = 19. List the prime factors of l.
7
Let y(b) = -b**2 + 17*b - 53. What are the prime factors of y(10)?
17
Let b(d) = -d**2 + 2*d - 3. Let x be b(2). Let v be (-5)/(-2) + x/(-6). Suppose -v*p + 0 + 6 = 0. What are the prime factors of p?
2
Suppose -4*a - 5*z + 996 = 0, 5*a - z = -4*z + 1245. What are the prime factors of a?
3, 83
Let i(q) = q + 10. Let z be i(-8). Let w = 0 + z. Suppose -2*t + 12 = w*t. List the prime factors of t.
3
Let i(d) = 7*d - 2. List the prime factors of i(3).
19
Let z(m) = 4*m - 1 - 2*m - 2. Let t be z(4). Suppose -3*v = -y - 35, -4*v - t*y = -21 - 13. List the prime factors of v.
11
Suppose -3*m = -4*m - 2*g + 3, -5*g = -2*m - 3. Let o = 4 + m. Suppose 0*q + 5*b = q + 8, -3*b = -2*q + o. List the prime factors of q.
7
Suppose 5*c = -3*p + 229 + 339, 4*c - 5*p - 447 = 0. List the prime factors of c.
113
Suppose 4*u - 1 = 4*j + 3, j = 2*u - 2. Suppose o = w - j*w + 10, -4*o + w = -46. List the prime factors of o.
2, 3
Let o(z) = z**2 - 5*z + 3. Let j be o(5). Suppose -s + 56 = 2*a + 2*s, j*a - 84 = -s. List the prime factors of a.
2, 7
Let o(k) = 2*k - 12. Let w be o(6). Suppose -48 = -4*f - x, 5*f + w*x - 60 = 5*x. What are the prime factors of f?
2, 3
Let w(f) = -3*f - 6 + 5*f - 2*f + 3*f. What are the prime factors of w(7)?
3, 5
Suppose 5*q - 2*x = 110, -q + 35 = -5*x + 2*x. Let c = -13 + 25. Suppose 5*w - c = -4*a, 0 = -5*a + 2*a - w + q. What are the prime factors of a?
2
Let f(q) = -q**3 + 13*q**2 + 14*q + 10. What are the prime factors of f(14)?
2, 5
Suppose -5*r + 4*y + 317 = y, -4*y = 5*r - 324. Suppose -3*k = 15, 11 + r = 3*f + 3*k. Let j = -7 + f. List the prime factors of j.
23
Let r = -38 - -23. What are the prime factors of (-18)/(-4)*(-40)/r?
2, 3
Suppose -44 + 3 = -r. What are the prime factors of r?
41
Let g(w) = -w**3 - 9*w**2 - 9*w + 9. Suppose 19 = -3*t - c, 0 = -7*t + 3*t - 3*c - 17. List the prime factors of g(t).
17
Let j(k) = 2*k - 4*k - 5 + 14. List the prime factors of j(-16).
41
Let x(u) = -5*u - 8. What are the prime factors of x(-4)?
2, 3
Let q = -4 + 15. Suppose 2*r = -8, -2*f + q + 35 = 2*r. What are the prime factors of f?
3
Suppose -4*i + k + 7 = 0, 0 = -0*i - i + 5*k - 3. Suppose 8 = -2*t, -3*c - i*t + 4 = -c. Let x = -4 + c. List the prime factors of x.
2
Let h(s) = s**2 + s. Let z be h(-2). Suppose -z*t = -0*t - 6. Suppose t*n - 44 = -n. List the prime factors of n.
11
Let z(d) = d**3 - 9*d**2 + d - 7. List the prime factors of z(9).
2
Let b = -1 - -5. List the prime factors of b.
2
Suppose 3*a + 1 + 2 = 0. Let s(i) be the second derivative of i**4 + i**3/3 + i**2/2 - 3*i. What are the prime factors of s(a)?
11
Let a(q) = -q**3 + 2*q**2 - q. List the prime factors of a(-2).
2, 3
Let k be (-320)/(-4)*2/4. Suppose k = 4*g - 0*g. List the prime factors of g.
2, 5
Let x = 22 + 48. Let p = -5 - -9. Suppose -p*y = y - x. What are the prime factors of y?
2, 7
Let y(r) = r**3 + r**2 + 1. Let z(s) = s**3 + 10*s**2 + 2*s - 8. Let a(d) = -2*y(d) + z(d). List the prime factors of a(7).
53
Let g be (-204)/(-60) + (-2)/5. Suppose -2*r - 3*k = g*r - 90, k = -4*r + 79. What are the prime factors of r?
3, 7
Let q(s) = s**2 - s - 9. Let t(z) = z + 3. Let w be t(3). What are the prime factors of q(w)?
3, 7
Suppose -d + 0*l - 2*l = -2, -6 = -3*d - 3*l. Suppose -3*u - 2*z = -13, -d*u + 2*z + 7 = -u. What are the prime factors of u?
5
List the prime factors of 2/8 + (-748)/(-16).
47
Let o(y) be the second derivative of 23*y**3/6 - 5*y. List the prime factors of o(1).
23
Let v(p) = -p**2 - 3*p + 6. Let f be v(-6). List the prime factors of 3/f + 99/12.
2
Let u(y) = -68*y - 3. What are the prime factors of u(-1)?
5, 13
Suppose 0*c + 2*c - 105 = -3*k, 4*k = 2*c + 154. List the prime factors of k.
37
Suppose -4*o + 9 = -o. Suppose f - 53 = -4*m, -f + o*f - 62 = 3*m. List the prime factors of f.
37
Let q be (9/(-3) - -7)/2. Suppose 14 = -i + q*i. What are the prime factors of i?
2, 7
Suppose 4*p + 0*p + l - 17 = 0, -4*l = 4*p - 32. Suppose p*k - 11 = 1. Suppose h + j = 6*j + 24, -72 = -4*h - k*j. What are the prime factors of h?
19
Let s(q) = q**3 + 4*q**2 - q. Suppose 0 = h + 3*h - 24. Let x be 0/(-3) - h/2. List the prime factors of s(x).
2, 3
Suppose l + 5*y = 90, 235 = 4*l - 2*y - 3*y. Suppose j + 5*w - l = 0, -4*w - w = -5*j + 205. What are the prime factors of j?
3, 5
Suppose 27 + 3 = 3*j. Suppose 0*a - j = -2*a. Suppose 0 = a*y - 0 - 10. What are the prime factors of y?
2
Suppose -3*k - 2*k = -15. Let m be (-1 + 1)*k/3. Suppose -2*p + m = -20. List the prime factors of p.
2, 5
Let d(a) = a**3 + 4*a**2 + 2. Let g(l) = -l**2 - 5*l. Let v be g(-5). Suppose v = -2*j - 2*j - 16. What are the prime factors of d(j)?
2
List the prime factors of ((-14)/(-28))/((-2)/(-40)).
2, 5
Let n(a) be the third derivative of -a**5/60 - 11*a**4/24 - 5*a**3/6 + 2*a**2. Let q be n(-7). Suppose -q = -5*x + 2. List the prime factors of x.
5
Suppose -5*j + 3 = -2*j. Let f = 18 - j. List the prime factors of f.
17
Let b be 14/(-35)*10/2. Let x(s) = -s**3 + 2*s**2 + s - 1. List the prime factors of x(b).
13
Suppose 0 = -3*w + 5*w. Suppose -4*p + 8 = -w. List the prime factors of p.
2
Let z(o) = 1. Let x(g) = 2. Let l(p) = 6*x(p) - 13*z(p). Let c(k) = k**2 + 3*k + 3. Let b(s) = c(s) + 2*l(s). What are the prime factors of b(-5)?
11
Suppose 3*t - 34 = f + 70, -2*f - 38 = -t. List the prime factors of t.
2, 17
Let x = 140 + -109. What are the prime factors of x?
31
Let g(y) = 2 + 2*y**2 + 2*y + 1 - y**2. Let w be g(-5). What are the prime factors of 258/w + (-2)/6?
2, 7
Let i = -121 - -214. What are the prime factors of i?
3, 31
Let v = 414 + -271. List the prime factors of v.
11,